 -2). Let k = v - p. What are the prime factors of k?
2, 3
Suppose -m + 22 = m. List the prime factors of m.
11
Let d(y) = -2*y**3 - 3*y**2 - 4*y - 2. What are the prime factors of d(-3)?
37
Let x = 124 - 67. List the prime factors of x.
3, 19
Let w(n) = -n - 4. Let d(m) = m. Let l be d(-4). Let f be w(l). Suppose -3*u + 13 + 5 = f. List the prime factors of u.
2, 3
Suppose -4*z + 110 = 2*r, 5*z - 5*r - 86 = 59. Let t = 62 - z. List the prime factors of t.
2, 17
Let i = -29 - -19. What are the prime factors of (-32)/i*(-30)/(-12)?
2
Let p be ((-6)/(-15))/((-2)/(-220)). Let q = -31 + p. List the prime factors of q.
13
Suppose -5*i + 0*x - 2*x = 21, 0 = 3*i - 3*x. List the prime factors of (i + 19 - -1)/1.
17
Suppose -g = i - 6*g, 3*i + 2*g = 0. List the prime factors of 30 - (1 - (4 - i)).
3, 11
Let b be (1 + 0)/((-5)/125). Let z = b + 39. What are the prime factors of z?
2, 7
Let b(p) = p. Let x be b(2). Suppose 2*j - 3*q = j + 28, 56 = 2*j - x*q. What are the prime factors of j?
2, 7
Let a be 86/10*(4 + 1). Let p = a + -13. List the prime factors of p.
2, 3, 5
Let d = 5 + -4. What are the prime factors of (0 + 1)/(d/11)?
11
Let m(y) = -y**3 - 4*y**2 - 2*y - 4. Let k be m(-4). Suppose -k*f + 11 = -3*i, 4*f - 3*f - 17 = -4*i. What are the prime factors of i?
3
Suppose -t - 3*t + 3*z = -33, 0 = -2*t - z + 19. Let q = t - -9. List the prime factors of q.
2, 3
Let w(j) = 48*j**3 - 48*j**2 - 48*j - 48. Let z(u) = -3*u**3 + 3*u**2 + 3*u + 3. Let a(g) = 2*w(g) + 33*z(g). What are the prime factors of a(-2)?
3, 11
Let p(v) = 8*v**2 - 2. Let c be p(-2). Suppose -3*b = -5 - 1. Suppose c = 7*f - b*f. What are the prime factors of f?
2, 3
Let j(g) = 2*g - 17. List the prime factors of j(17).
17
Suppose 2*a = 5*t - 144, -3*t - 5*a - 105 = -7*t. List the prime factors of t.
2, 3, 5
Let s be (6/5)/(21/(-70)). What are the prime factors of (s/(-6))/((-8)/(-300))?
5
Let s be (-114)/15 - (-6)/(-15). Let q(n) = n**3 + 9*n**2 + 7*n - 6. Let y be q(s). Suppose y*b + 7*z - 3*z = 46, -b + 8 = -z. List the prime factors of b.
13
Let j(q) = 5*q + 4 + 5*q**2 - 2 + 0*q**2. Let w be j(-3). Suppose 5*o - a - w = -0*o, 0 = -o - 2*a + 13. List the prime factors of o.
7
Suppose -5*q = -3*k + 17, -2*k = -5*q + 2*k - 16. Let t be ((-9)/q)/(3/12). Suppose x = -2*x - t, -2 = 2*i + 2*x. List the prime factors of i.
2
Let c be (3/(-9))/((-1)/21). Let g(k) = c - k + 3 + 0. List the prime factors of g(7).
3
Let m = -1 + 21. List the prime factors of m.
2, 5
Suppose -5*f = -7 + 22. Let s(q) = -1 - 3 - q - q + 0*q. What are the prime factors of s(f)?
2
Suppose 2 = 2*s - 6. Let b = s + 1. What are the prime factors of b?
5
Suppose -o + 3*o = 28. Let c = o - 8. What are the prime factors of c?
2, 3
Suppose 0 = 3*k + 5*b - 9, b - 17 = -4*k - 4*b. Let a be k/3*(-42)/(-8). Let n = -9 + a. What are the prime factors of n?
5
Let s(c) = -3*c + 1. List the prime factors of s(-19).
2, 29
Suppose -616 = l - 9*l. List the prime factors of l.
7, 11
Let q(r) = 87*r - 1. Let o be q(1). Suppose -o = -4*i - u, 3*i - 74 = -2*u + 6*u. What are the prime factors of i?
2, 11
List the prime factors of -3 + (-7)/((-7)/34).
31
Let z(u) = u + 15. Let f(m) = -m**3 - 8*m**2 - 8*m - 7. Let k be f(-7). What are the prime factors of z(k)?
3, 5
Suppose -2*a = 5*a - 609. What are the prime factors of a?
3, 29
Let i = -201 - -322. List the prime factors of i.
11
List the prime factors of -4 + 0 + 117 + 10.
3, 41
Suppose 0 = -n - 24 + 80. What are the prime factors of n?
2, 7
Suppose w - 10 = -9. Suppose 5*m + 4*x = 24, -3*x - 14 + w = -4*m. List the prime factors of m.
2
Let s = 97 + -40. What are the prime factors of s?
3, 19
Suppose r = 2*r. Suppose -2*b + 8 + 34 = r. What are the prime factors of b?
3, 7
Let h be (-2*1)/(4/(-16)). Let s(d) = -d**3 + 8*d**2 + 11. List the prime factors of s(h).
11
Let m(u) = u**2 - 6*u - 3. Let v be m(7). Suppose -v*y + 242 = 5*d, -d - 5*y = -45 + 5. Suppose -2*w = 3*w - d. What are the prime factors of w?
2, 5
Let o = -41 + 74. Suppose 0 = -2*q - 3*n + 3 + o, -3*n = -5*q + 132. List the prime factors of q.
2, 3
Let d be -1*5*156/12. Let k = d + 96. What are the prime factors of k?
31
Suppose 0 = 2*q - q + 2. Let r = 6 + q. Suppose 0 = 3*l - 2*y - 57, y = 2*l + r*y - 25. What are the prime factors of l?
17
Let r(f) = -108*f**3 + f**2 - 1. Let j be r(-1). Suppose j = 3*u + 3. List the prime factors of u.
5, 7
Suppose 3*y - y = 56. Suppose 0 = -2*k + 5*n - 11, -2*k - 5*n + 7 = -6*k. Suppose -y + 6 = -k*o. What are the prime factors of o?
11
Let m(n) = 17*n**2 - 3*n - 4. Let k(z) = -34*z**2 + 5*z + 7. Let f(t) = -3*k(t) - 5*m(t). What are the prime factors of f(-1)?
2
Let w be (-74)/(-10) - 4/10. Let c = w - 2. Suppose 0 = 4*r - c*r + 5. List the prime factors of r.
5
Let f(y) = y. Suppose -5*b - 3 + 15 = 4*d, b - 15 = -5*d. Let x be f(d). List the prime factors of -9*(x/9 - 1).
2, 3
Let h(b) = b. Let x be h(-5). Let u be -1 - (2 + x)/3. Suppose 4*p = 2*p - 3*n + 21, -3*p + n + 15 = u. What are the prime factors of p?
2, 3
Let j(g) = 12*g**2 + 4*g - 5. List the prime factors of j(2).
3, 17
Let s(t) = 6*t + 5. Let j be s(-4). Let n = j + 29. List the prime factors of n.
2, 5
Suppose -q = -4*q + 9. Suppose -4*i = -4*a - q - 9, -5*a = 3*i + 31. What are the prime factors of (-21)/(-2) - 1/i?
11
Let p = 39 + 28. What are the prime factors of p?
67
Suppose b - 9 = -4. Suppose b*g - 17 + 2 = 0. Suppose 2*o - 5 = -g*z, -2*o = z - 4 - 7. List the prime factors of o.
7
Suppose 0 = 2*p + 3*s - 764, -p + 0*p = 4*s - 372. What are the prime factors of p?
2, 97
Let u = 3 - 0. Suppose -u*d + d = -20. What are the prime factors of d?
2, 5
Suppose 0 = -n + 5 - 3, -12 = -v - 3*n. Let y = 37 - v. Suppose 24 + y = 5*d. List the prime factors of d.
11
Suppose -w = 2*t + 10 - 1, w + 5*t + 24 = 0. Let u be 4/(0/2 - w). Let p(y) = -y - 1. What are the prime factors of p(u)?
3
Let w be (4/(-6))/(2/3). Let o = w + 5. What are the prime factors of o?
2
Suppose -17*k - 60 = -19*k. List the prime factors of k.
2, 3, 5
Let r(p) be the second derivative of 3*p**5/20 - p**4/3 + p**3/2 - p**2 - p. Let b be r(2). List the prime factors of 63/b + 1/(-4).
5
Suppose 481 = 4*v - 495. What are the prime factors of v?
2, 61
List the prime factors of (-3)/(-6)*368/2.
2, 23
Let j(o) = 2*o + 6. Let k be j(-4). Let q be 4/(-6)*(k + 5). List the prime factors of 3 - (q - 42/3).
19
Let o = 111 - 63. What are the prime factors of o?
2, 3
Let d(l) = -6*l**2. Let j be d(1). Let n = j + 10. Suppose n*w + 12 = 0, -3*p + 0*p + 3 = w. List the prime factors of p.
2
Suppose -5*b + 440 = 5*i, -4*i + 3*b + 440 = i. What are the prime factors of i?
2, 11
Let n(j) = -j**2 + 4*j + 3. Let x be n(4). Let c(h) = h + h + 2 + h. List the prime factors of c(x).
11
Let b(o) = o**2 - 3*o - 8. List the prime factors of b(7).
2, 5
Let c = 369 + -142. List the prime factors of c.
227
Let j = 52 - 30. List the prime factors of j.
2, 11
What are the prime factors of (1/3)/(2/126)?
3, 7
Let l = 15 - 5. What are the prime factors of l?
2, 5
What are the prime factors of (-3)/(-9) + 354/18?
2, 5
Suppose 52 = -9*p + 277. List the prime factors of p.
5
Let v(s) = -s + 9. Let w be v(9). List the prime factors of 1 - w - 429/(-13).
2, 17
Suppose 7*j - 3*j = -o + 54, -o = j - 45. Suppose 3*t + 5 + 67 = 0. Let x = o + t. What are the prime factors of x?
2, 3
Let r(s) be the third derivative of s**4/12 - s**3/2 - 2*s**2. What are the prime factors of r(6)?
3
Let y be 1*-3*(-62)/6. Suppose y - 11 = -s. List the prime factors of s/(-3) - (-2)/6.
7
Let k(s) = 72*s**2 - 3*s + 11. List the prime factors of k(2).
293
Let a be (6 - -1) + (1 - 1). Let t = 4 - a. List the prime factors of t/((-1)/2*3).
2
Let n be ((-1)/3)/((-5)/90). List the prime factors of ((-209)/(-33))/(1/n).
2, 19
Let w(f) = 3*f**2 - 9*f. Let v be w(6). List the prime factors of 10/20 - v/(-4).
2, 7
Let c(o) = 0 + 0 + 4*o - 3. Let v be c(2). What are the prime factors of 10/v - (-9 + -1)?
2, 3
Let f = 78 + -56. Suppose -28 = -3*u - 2*h, 0 = -3*u + 5*h - 4*h + f. What are the prime factors of u?
2
Let x = -3 - -19. What are the prime factors of x?
2
Let u = 1 - 4. Let a = u - -11. List the prime factors of a.
2
Suppose 0 = 2*l - 8*l + 102. List the prime factors of l.
17
Let v(u) = u**3 - 4*u**2 +